ppose 161*y - 1588 = 6301. What is the remainder when o is divided by y?
48
Let d be 3/(-2) - (-3 - 14/(-4)). Let a = d - -2. What is the remainder when 4 + 1*-35*(a - 1) is divided by 23?
16
Calculate the remainder when 1603 - (-54)/63*196/21 is divided by 161.
1
Let y = 24 + -19. Suppose -2*x = p - 1 + 2, 0 = -y*x - 20. Suppose -190 = -2*t - 5*f, -3*t + 294 = 10*f - p*f. What is the remainder when t is divided by 34?
32
Let f be (-2 + 3)*(0 - 5). Suppose 4*n - 3*n = 5*a - 338, -336 = -5*a + 2*n. What is the remainder when a is divided by ((-24)/f)/((-19)/(-95))?
20
Let u(o) = 12*o**2 + 1078*o - 59. Calculate the remainder when u(-90) is divided by 64.
57
Let j = 50 - 35. Let w be (-6)/(13 - 1)*66. Calculate the remainder when ((-3)/4 + 0)/(w/5808) is divided by j.
12
Let r be (-6)/27 - (-12673)/207. Suppose -4*q - 5*v = -247, 0*q + v = -q + r. What is the remainder when q is divided by 5?
3
Suppose -3*l + 4*d = -112, -5*l + 3*l = 4*d - 48. Let c(f) = -f**3 - 17*f**2 - 8*f + 22. Calculate the remainder when c(-17) is divided by l.
30
Let f be ((-1)/1)/(2/(-34)). Suppose -2*y + m = -1, f = y + 4*m - 6. What is the remainder when y is divided by (7 - 0)*44/(-308)*-3?
0
Let q be 2/12 + (-121)/(-66). Suppose q*s + 14 - 4 = 4*u, u + 5*s - 19 = 0. Calculate the remainder when 14 is divided by u.
2
Let x = -133 + 85. Calculate the remainder when 185 is divided by (6/(-8))/(-1) - 876/x.
14
Suppose f - 4*j + 17 = 4, 3*f = -3*j + 21. What is the remainder when (150/12 - f)*14 is divided by 29?
17
Suppose 2112 = -3*k - 2*f + 9228, -3*k + 7116 = -f. Calculate the remainder when k is divided by 140.
132
Let g(s) = 31*s**3 - 5*s + 2. Let r(x) = 92*x**3 - 14*x + 6. Let n(k) = 17*g(k) - 6*r(k). Calculate the remainder when 138 is divided by n(-1).
18
Let h = 306 - 182. Suppose -d = -5*s + 200, 3*s - 4*d + 4 = h. Calculate the remainder when 150 is divided by s.
30
What is the remainder when 667 is divided by ((-2)/2)/((-38060)/(-1655) + -23)?
5
Suppose 5*d + 15 = 5*n, -9 = -5*n + 4*n + 3*d. Suppose 16*x + n*x = 208. Calculate the remainder when 35 is divided by x.
9
Suppose 0 = -3*b - 4*j + 1691, -4*b + 170*j - 168*j + 2240 = 0. What is the remainder when b is divided by 23?
9
Suppose 25 = 5*q, -u = -q + 2 - 1. Let g be -3 - (-6 + u) - 9. Calculate the remainder when 30/(-50) - 436/g is divided by 15.
13
Suppose -3*x + 181 + 2666 = 0. Calculate the remainder when x is divided by 38.
37
Let c = 23032 - 22961. What is the remainder when 1000 is divided by c?
6
Let j(x) = -2*x**2 + 21*x - 21. Let k be j(12). What is the remainder when (-462)/k + 12/(-114) is divided by 5?
3
What is the remainder when (10699/143 - 7)*11 is divided by 105?
11
Let i(f) = -38*f**3 - 9*f**2 - 17*f - 8. What is the remainder when i(-2) is divided by 50?
44
Suppose 16490 - 14399 = 41*i. What is the remainder when 325 is divided by i?
19
Let j(r) = -r - 2. Let f(p) = 20*p - 55. Let m(n) = -f(n) + 2*j(n). Calculate the remainder when 264 is divided by m(2).
5
Let o be (2/5)/(11/(-55)) - -2. Suppose p + 45 - 66 = o. Calculate the remainder when p is divided by 8.
5
Suppose 0 = 4*u + 3*w - 238, u - 4*u + 170 = -2*w. What is the remainder when 27 is divided by (51*1)/(61 - u)?
10
Suppose 2*z = -2*i + 206, -3*z = 3*i - 4*i - 293. Calculate the remainder when z is divided by 4/(-6) - 320/(-12) - -5.
6
Let l = -15104 + 15176. What is the remainder when 360 is divided by l?
0
Let a(s) = -s + 11. Let i be a(11). Suppose 10*j + i - 290 = 0. What is the remainder when 139 is divided by j?
23
Let u(v) = -3*v**2 + 11*v - 14. Let a(m) = -9*m**2 + 33*m - 41. Let c(g) = -4*a(g) + 11*u(g). Calculate the remainder when c(12) is divided by 47 + 3 + (2 - 0).
50
Let v(g) = 4*g. Let r = 1515 - 1416. What is the remainder when r is divided by v(13)?
47
Let f be (-4 - 2 - -4) + -4. Let h be (4/6)/(1/f*-2). Suppose -h*q + 0*q = -3*o - 60, 2*q + 4*o = 88. Calculate the remainder when q is divided by 12.
0
Let q be 1*((-40)/(-70))/(6/21). Suppose -8*o + 5*u = -10*o + 314, 0 = q*o + 4*u - 314. Calculate the remainder when o is divided by 54.
49
Calculate the remainder when (-4)/(128/(-63) - (9 + -11)) is divided by 41.
3
Let f = -1973 + 2133. What is the remainder when 7838 is divided by f?
158
Suppose 4*l + 3*l = -l. Calculate the remainder when 273 is divided by 2 + -2 + 8 + (l - -3).
9
Suppose 1050 = 27*x - 624. What is the remainder when 357 is divided by x?
47
Suppose 0 = 3*z - 2*z + 3*a - 10, -30 = -3*z - 2*a. Suppose 0 = z*f - 13*f. What is the remainder when f + 4 - (-6 - 37) is divided by 16?
15
Suppose 3*j = 425 + 112. Calculate the remainder when j is divided by 72.
35
Let v = -271249 + 271259. What is the remainder when 218/6 + (-4)/(-6) is divided by v?
7
Let j(s) = -51*s - 5450. What is the remainder when j(-124) is divided by 411?
52
Suppose -177*p + 15170 - 14935 = -34103. What is the remainder when p is divided by 1*17 - (-3)/3?
14
Let n be 2660 + -1 + (-7)/(-7). Let v(z) = 63*z**2 + 2*z + 1. Calculate the remainder when v(-2) is divided by n/63 + 1 + 44/(-36).
39
Let y be 5/(-30) + 3/54*3. Suppose 24*h - 14*h - 590 = y. Suppose h = m - 3*q - 0*q, m - 5*q = 49. What is the remainder when m is divided by 5?
4
Suppose -j = -4*j + 9, -y + 746 = -4*j. Calculate the remainder when y is divided by 367.
24
Suppose 114*b = 116*b - 4, -2*b = 3*g - 730. Calculate the remainder when 1207 is divided by g.
239
Let s(i) be the third derivative of 11/60*i**5 - 7/24*i**4 - 29*i**2 - 1/120*i**6 + 0*i - 11/6*i**3 + 0. What is the remainder when s(10) is divided by 8?
3
Suppose -4*j = -6 - 10. Suppose 0 = c - 55 + 53. Suppose j*p - 188 = -c*s, -p - p + s + 90 = 0. Calculate the remainder when p is divided by 16.
14
Calculate the remainder when 15062 is divided by 4/(-6) - ((-7567)/141 - (-3)/(-1)).
54
Suppose 348*c - 118206 = 123*c - 369*c. Let s = 56 + -15. What is the remainder when c is divided by s?
35
Let h = 8965 + -8943. Calculate the remainder when 89 is divided by h.
1
Suppose -5*t + 5*j + 212 + 638 = 0, 3*t - 2*j = 514. What is the remainder when 366 is divided by t?
18
Let v be 12/(-8)*3718/(-33). Suppose -2*m = -l - v, m + 3*l - 144 = -63. Calculate the remainder when m is divided by 11/(-2)*(-2 - 0).
7
Let a = 3013 + -2976. Let i = 1 - -1. Suppose u = i*u - 14. Calculate the remainder when a is divided by u.
9
Suppose 2 = -5*l + u + 41, 0 = 5*l - 2*u - 43. Let z(f) = f**2 + f - 22. Calculate the remainder when z(6) is divided by l.
6
Suppose -262 = -28*q + 718. Suppose 5*r = 6*r - 98. Calculate the remainder when r is divided by q.
28
Let p(l) = 2*l**2 + 4*l - 9. Let v = 344 + -348. Calculate the remainder when 16 is divided by p(v).
2
Suppose -20 = -17*k - 37, 3*k = -5*h + 99807. Calculate the remainder when h is divided by 46.
44
Suppose -h - 868 = -8*h. Let l = h - 109. What is the remainder when 71 is divided by l?
11
Suppose 0 = -2*v - 5*l + 161, -v - l + 6*l + 103 = 0. Suppose 99*s - 154 = v*s. What is the remainder when 332 is divided by s?
10
Suppose -49*g = 54*g - 86*g - 629. What is the remainder when 502 is divided by g?
21
Suppose -5*z = 47 - 187. Suppose -25*m + 21*m = 5*c - 125, -3*m = -2*c - 111. Calculate the remainder when m is divided by z.
7
Let i(f) be the first derivative of 2*f**3/3 + f**2/2 + 3. Calculate the remainder when (52 - 33) + (-5)/1 is divided by i(1).
2
Let c be (-10)/((-40)/12) + -275. Let i = -259 - c. What is the remainder when 868 is divided by i?
10
What is the remainder when (-20)/6*246/820 + 40 is divided by (7 + 1)/(4/6)?
3
Suppose -4*w + 47 = 11. Calculate the remainder when (-15)/12 + 354/8 is divided by w.
7
Let j = 46 - 33. Let d = 36 + -214. Let l = d - -196. Calculate the remainder when l is divided by j.
5
Suppose b - 3*g = -4*b + 281, 5*b - 277 = g. Suppose 2*w + 10 = 0, -4*w = 3*x + 5 + 30. Let i(r) = 3*r + 27. What is the remainder when b is divided by i(x)?
7
Suppose -c + 8*b + 491 = 5*b, 5*b = -3*c + 1375. Calculate the remainder when c is divided by 22.
8
Suppose 0 = 119*w - 114*w - 5*x - 420, 5*x = 15. Calculate the remainder when 316 is divided by w.
55
Let q = 7 - -9. Let z(v) = -v**3 - 19*v**2 + 18*v + 36. What is the remainder when z(-20) is divided by q?
12
Let z(f) = f**2 - 4*f - 36. Suppose -y + 58 = 4*a - 3*y, 0 = -4*y + 20. What is t